 4*b - 31 = 3*n. Let h(p) = p**2 - p - 2. Let x be h(3). Let s = x - n. What are the prime factors of s?
3
Let s(v) = 7*v + 84. What are the prime factors of s(8)?
2, 5, 7
Suppose -i + 6*i - 169 = -3*t, i = 5*t + 45. Suppose -2*l - 4*x + 8 = -8, -5*x = -3*l + i. What are the prime factors of l?
2, 5
Suppose 4*k - 20 = -2*r, -4*r - k + 1 = -6*k. Suppose -4*w - 6*g = -r*g - 108, 5*w - 2*g = 144. List the prime factors of w.
2, 7
Let x(h) = -2*h**3 - 5*h**2 + 3*h - 1. List the prime factors of x(-5).
109
Let b(k) = -3*k**3 + 1. Suppose -5*x - 3 = 2. Let v be b(x). Suppose -9 = -3*q, 5*f - 27 = -v*q - 0. List the prime factors of f.
3
Suppose -n + 2*g = 4*g - 8, n - 5*g = -13. Suppose -n*m - v = -28, 3*m - 6*v - 31 = -2*v. What are the prime factors of m?
13
Suppose j = -5*h + 57, j = 1 + 1. Suppose -12 = -a + 3. Let w = a - h. List the prime factors of w.
2
Let x be (-10)/(-65) - (-106)/(-13). Let a(y) = -y**3 - 8*y**2 - 2*y - 10. List the prime factors of a(x).
2, 3
Suppose 20 = -o + 6*o. Suppose o*q = 8, 4*z + 7 - 3 = -4*q. Let y = z + 6. List the prime factors of y.
3
Suppose -174 = 3*z - 0*z. Let k = -36 - z. List the prime factors of k.
2, 11
Suppose 4*a - 3*a + 17 = -5*z, -4*z - a - 13 = 0. Let o = -2 - z. Suppose 3*x - 4*t = 28, -4*x + 6*x - o*t - 20 = 0. List the prime factors of x.
2, 3
Let h(l) = l**2 - 17*l - 12. Let g be h(18). Let w(o) = o**3 - 6*o**2 + 10*o - 5. What are the prime factors of w(g)?
5, 11
Suppose -5 + 83 = p - d, 75 = p + 2*d. Let w = p + -28. List the prime factors of w.
7
Suppose -2*l - 2*g + 127 = 3*g, l = -2*g + 64. What are the prime factors of l?
2, 3, 11
Let s = -1 - -4. Suppose 10 = -s*t + 8*t. What are the prime factors of t?
2
Suppose -v + 2 = -8. What are the prime factors of (v/15)/(4/174)?
29
Let x(k) = -13*k - 13. Let z(i) = 25*i + 25. Let s(o) = -11*x(o) - 6*z(o). List the prime factors of s(-4).
3, 7
Suppose -2*f + 0 = 2. Let v(x) = 14*x**2 - x - 1. What are the prime factors of v(f)?
2, 7
Suppose t = 5*q - 90, -3*q + 60 = 5*t - 22. Suppose 3*m + q = 4*g, -3*g + 0*m + 36 = 5*m. Suppose 3*w = g*w - 8. List the prime factors of w.
2
Let f(w) = w + 1. Let x be f(4). Suppose -x*s + 4*j + 3 = -13, 4 = 3*s - j. Suppose s = -0*a + 4*a + 5*t - 16, 5*t = -2*a - 2. What are the prime factors of a?
3
Suppose 11 = 4*q - 21. Let s = q - -3. List the prime factors of s.
11
Let t(b) = -b**3 - 2*b**2 + 3*b - 1. Let l be (0 + -1)*2 + -2. What are the prime factors of t(l)?
19
Let x(n) = 116*n**3 + n**2 - 3*n + 2. What are the prime factors of x(1)?
2, 29
Let s(t) = -t**2 + 9. Let i(w) = -2*w**2 + 17. Let g(p) = -2*i(p) + 5*s(p). Let v = 5 + -5. What are the prime factors of g(v)?
11
Let y = 69 - -9. What are the prime factors of y?
2, 3, 13
Let w = 36 + -14. Let l(b) = b**2 + 8*b + 9. Let n be l(-7). Suppose -w = -n*x + 2. What are the prime factors of x?
2, 3
Let w(u) = -u**2 - 6*u. Let h be -6 - 0*(-1)/(-3). Let a be w(h). List the prime factors of a + -3 + 20 + -3.
2, 7
Suppose 4*j + 4 = a + 13, 7 = 2*j - 3*a. Let t(l) = -l**2 + 0*l**j - 2 - 2*l**3 + 0*l**2 - l. What are the prime factors of t(-2)?
2, 3
What are the prime factors of 178*2/(-8)*-2?
89
Let m be 13/3 - 2/(-3). Suppose -m*q = -4*n + 39 + 10, 5*n - 4*q - 59 = 0. List the prime factors of n.
11
Let b(u) = -u**2 + 14*u - 5. What are the prime factors of b(8)?
43
Suppose 0*w + 5*w = 25. Suppose a = w*a - 104. List the prime factors of a.
2, 13
Suppose -4*x + 16 = -5*d - 0*x, -5*x + 20 = -3*d. Suppose -a = 2*o - 55, d = -3*a - 3*o - 90 + 240. Suppose -6*p + a = -3*p. What are the prime factors of p?
3, 5
List the prime factors of 84/(-28) - (0/2 - 50).
47
Let y(n) = -2*n**2 + 4*n - 1. Let z(v) = 2*v**2 - 3*v + 1. Let i(u) = 5*y(u) + 6*z(u). List the prime factors of i(2).
13
Suppose 3*g = 3*f - g + 12, 12 = -3*f - 4*g. Let q = f - -11. List the prime factors of q.
7
Let m = 205 + -88. What are the prime factors of m?
3, 13
What are the prime factors of 3966/36 - (-1)/(-6)?
2, 5, 11
Suppose 9*l - 4*l = 75. Suppose l + 7 = 2*x. What are the prime factors of x?
11
Suppose 2*o = 4*m - 142, 3*o - 60 + 9 = -2*m. List the prime factors of m.
3, 11
Let x = 3 - -3. Let d = 18 - x. What are the prime factors of d?
2, 3
Suppose 0 = -3*i + 12, -2*q - i + 4*i = 20. Let p = 3 + q. List the prime factors of (-2)/p*(-8)/(-2).
2
Let z = 15 + -11. Suppose -5*o - 4*x + 10 = -z*o, 0 = x + 1. Suppose o = -3*i + 38. What are the prime factors of i?
2
Let m(k) = 16*k - 8. What are the prime factors of m(3)?
2, 5
Let g(d) = -16*d**3 + d**2 - 3*d + 2. Let z be g(2). List the prime factors of z/(-6) + (-2)/(-3).
2, 11
Let p(g) = -g**3 + 4*g**2 + 5*g + 7. List the prime factors of p(5).
7
Let f = 219 + -146. What are the prime factors of f?
73
Suppose -150 = -g - 4*g. List the prime factors of g.
2, 3, 5
Suppose -3*b + 137 = -181. What are the prime factors of b?
2, 53
Let x(u) = u**3 + 4*u**2 - 7*u - 4. Let n be (-1)/2 - 18/4. Let l be x(n). List the prime factors of ((-20)/(-12))/(1/l).
2, 5
Let c = 10 - -88. List the prime factors of c.
2, 7
Let b(k) = -k - 5. Let r be b(-7). Suppose 4*t - 13 - 8 = -3*p, -5*t + 28 = r*p. Suppose -3*x + z - t = -15, 0 = -2*x - 3*z - 5. List the prime factors of x.
2
Let r(q) = -5*q**2 - q**3 + 5 + 8*q - 2*q + 1. Let c(k) = -k**2 + k + 1. Let m(y) = c(y) + r(y). What are the prime factors of m(-7)?
7
Suppose -3*u + u = 4. Let m be 2/8 + u/8. Suppose m = -5*z - 3*k + 62, -5*k - 56 = -5*z + 14. What are the prime factors of z?
13
Let u be 0/2*(0 + -1). Suppose u*k = -4*k - 2*y + 112, -28 = -k - 2*y. What are the prime factors of k?
2, 7
What are the prime factors of (-1)/(-3) + 690/9?
7, 11
Let s(t) = t. Let c(p) = 7*p + 8. Let o(i) = -c(i) + 5*s(i). What are the prime factors of o(-5)?
2
Let g = -173 - -252. List the prime factors of g.
79
Suppose -41 = -y + x, -3*y = 5*x + 42 - 141. What are the prime factors of y?
2, 19
Suppose -h + 6*h = -q + 653, q - 260 = -2*h. What are the prime factors of h?
131
What are the prime factors of ((-1)/2)/(19/(-9538))?
251
Let v be (-20)/3*(-36)/(-30). Let j = 13 + v. Suppose 0 = -4*x - 20, -4*n - j*x + 1 = -14. What are the prime factors of n?
2, 5
Let s(d) = 5*d**2 + 4 + 3*d**2 + d**3 - 2*d**2. Let b be s(-6). Suppose 24 = -b*i + 6*i. What are the prime factors of i?
2, 3
Suppose 4*m = 7*m - 12. What are the prime factors of (0 + -1)/(m/(-28))?
7
Let x(v) = -4*v - 3. Let z be x(-8). Let l = -10 + z. Let y = l - 12. List the prime factors of y.
7
Suppose -3*j + 183 = -0. What are the prime factors of j?
61
Suppose u = z - 0*z - 69, -5*z - 2*u = -359. List the prime factors of z.
71
Let s(m) = 6*m - 2*m - 3*m - 5. Let p be s(-4). List the prime factors of 3/p + (-25)/(-3).
2
Suppose 0 = 4*s - 2*v - 68, 60 = 3*s - 4*v + 4. Let f = s + -11. Suppose -2*h + f*h = 15. List the prime factors of h.
5
Let s = -452 + 674. What are the prime factors of s?
2, 3, 37
Suppose -3*o = 2*j - 7, 14 = 4*o + 2*j + 3*j. Let h be (1 + 0)/((-1)/o). Let m = h - -7. What are the prime factors of m?
2, 3
Suppose -h + 21 = y, h = -3*h - 20. List the prime factors of y.
2, 13
List the prime factors of (-51)/(-4 + 1) + 4.
3, 7
Suppose -t - 3 = -l + 3, -15 = -l + 4*t. Let a(v) = 0 + 0 + 12*v + l*v. List the prime factors of a(1).
3, 5
What are the prime factors of 0 + -3 + 336/1?
3, 37
Let b(n) = -n**3 - 4*n**2 + 5*n - 3. Let l be b(-5). List the prime factors of 70/5*(-2 - l).
2, 7
Let b(j) = -2*j + 1. Suppose -u - 3*n = -18, -3*n - n = u - 18. Let g = u - 26. What are the prime factors of b(g)?
17
Let b(x) = x**3 + 7*x**2 + 6*x + 3. What are the prime factors of b(-6)?
3
Let p be 35/(-28) + (-3)/4. List the prime factors of p/6*(-2 + -172).
2, 29
Suppose -3*h = -4*o - 0*h - 28, -2*h = -5*o - 35. Let j = o + 29. Suppose -3*i = -5 - j. What are the prime factors of i?
3
List the prime factors of (116/5)/(20/50).
2, 29
Let i(q) = 5*q**3 - q**2 - 4*q - 2. Let y(t) = 11*t**3 - t**2 - 7*t - 3. Let g(k) = 13*i(k) - 6*y(k). List the prime factors of g(-6).
2
Let p = 340 + -202. What are the prime factors of (-12)/20 + p/5?
3
Suppose -c - 4*c + 155 = 0. Suppose 4*a = 5*y + 13, 2*a + 3*y + c = -2*y. Let h = 11 - a. List the prime factors of h.
2, 7
Suppose 0 = 4*p + 5*k + 62, -3*p - 2*p = -2*k + 94. Let u = 26 + p. List the prime factors of ((-5)/(